33. Is c prime?
False
Let o be (-1)/(-9)*2 + (-48)/(-27). Is (2324 + o)*7/14 prime?
True
Let c(z) = -2*z**3 - 8*z**2 - 2*z - 3. Let n be c(-4). Suppose -18664 = n*a - 13*a. Is a a prime number?
True
Suppose 6*p = 10*p - 10828. Is p a prime number?
True
Let j = 6463 + -3225. Is j a composite number?
True
Let i be 1 - 4/(-2)*2. Let a be i/(-1 - 0/3). Let y(r) = 2*r**2 + r + 1. Is y(a) a composite number?
True
Let m(k) = 2*k**3 - 13*k**2 - 4*k + 20. Let y(w) = 3*w**3 - 26*w**2 - 7*w + 40. Let b(z) = -5*m(z) + 3*y(z). Is b(-15) composite?
True
Let i(x) = -2*x + 967. Let m be i(0). Is (6 - 1)*m/5 a composite number?
False
Let k(h) = 5*h - h**2 + 0*h**2 + 2 - 4*h. Let f be k(2). Is (3 + f)*393/9 a prime number?
True
Let h(o) = -3*o. Let a be h(-3). Let u be (-3)/a + 3652/12. Suppose -u = -4*n + 340. Is n a prime number?
False
Let n(i) = -631*i - 18. Let h(d) = 946*d + 27. Let l(q) = 5*h(q) + 7*n(q). Is l(2) a prime number?
False
Let x(n) = -n**3 + 6*n**2 + 8*n + 5. Let q be x(7). Let b be (-2 - 188/(-36)) + 2/(-9). Suppose 3*t + q + 205 = 2*p, -b*t - 104 = -p. Is p a composite number?
False
Let o(t) = 2*t**2 - 2*t - 5. Suppose 2*a - 76 = -4*w + 4*a, -62 = -2*w - 5*a. Suppose -2*k + 24 + 13 = -5*l, 3*l = k - w. Is o(k) prime?
False
Suppose 5*j + 3*j - 40 = 0. Suppose 13290 = u + j*u. Is u a composite number?
True
Suppose -4*h - 5619 = -b - 5*h, 11228 = 2*b - 3*h. Is b prime?
False
Is 4 - (-6 - -9) - -21*601 composite?
True
Let l(q) = 2*q**2 + 14*q + 3. Let h be l(-6). Let z be (-232)/h - 4/(-18). Suppose -539 = -5*w + z. Is w composite?
False
Let z be (3 + 0)*(-84)/(-36). Let v(k) = -k**2 + 7*k - 2. Let u be v(z). Is 5348/49 + u/14 a prime number?
True
Let y = 36099 + -19150. Is y a composite number?
True
Suppose -g = 2*g - 9. Let f = -356 + 359. Suppose -5*y - 148 = -f*b + 129, g*y - 191 = -2*b. Is b a prime number?
False
Suppose 0 = 11*q - 6*q - 2785. Let v = q - 334. Is v prime?
True
Let a(o) = o**3 - 9*o**2 - 2*o - 8. Let h be a(9). Let q = h + 45. Is q prime?
True
Let v(a) be the third derivative of -6*a**4 + 31*a**3/6 - 4*a**2. Is v(-12) prime?
True
Let c(s) = 25*s. Let m be c(-1). Let h be (-30)/m*20/6. Suppose -1233 - 427 = -h*u. Is u a composite number?
True
Let m(h) = 48*h**2 - 44*h**2 - 2 - h**3 - 7 + 22*h**3. Let j(z) = -22*z**3 - 3*z**2 + 8. Let w(y) = -5*j(y) - 4*m(y). Is w(3) a composite number?
True
Let z = -38 + 41. Suppose -1858 = -2*j - z*a, j - 480 - 447 = -a. Is j a composite number?
True
Let x = 48 - 43. Suppose -5230 = -x*b - 5*r, 11*b + 2*r + 4202 = 15*b. Is b a prime number?
True
Suppose -4*z + 3*z = -11. Suppose -2*i - 18 + 7 = 3*t, -2*t = 5*i + z. Is (-109)/i - -2 - 0 composite?
True
Let j = -153 - -782. Is j a prime number?
False
Suppose -78 = -5*p + 4*h - 2*h, -3*p + 4*h + 44 = 0. Is 30/80 - (-23690)/p a prime number?
True
Let a = -1191 + 2068. Is a a composite number?
False
Suppose s - 3*o - 496 = 0, -2*s - o = -917 - 40. Is s composite?
True
Let b = -32 - -31. Let w be 0/(b/((-1)/(-2))). Suppose 11*l - 7*l - 1876 = w. Is l prime?
False
Suppose 120 = z - 2*n, -5*n = -z + 138 - 9. Suppose 61 = -4*m + 3*m. Let c = z + m. Is c composite?
False
Let a(n) = n - 3. Let t be a(8). Suppose -5*p = 0, z + 4*p + 8 = t*z. Suppose -u + z*u - 23 = 0. Is u a prime number?
True
Let v = 46 + 393. Let r be (1 + (-39)/9)*(-18)/15. Suppose -21 = -r*t + v. Is t a prime number?
False
Let v(f) = -33*f - 6. Let j be v(-4). Let q = -374 + j. Let x = q - -543. Is x composite?
True
Suppose -3*q = 2*q - 35. Suppose -q*m - 40 + 383 = 0. Is m composite?
True
Let k be (-98)/10 + (-7)/35. Is (-1 - -2)/(k/(-4910)) prime?
True
Let s be (-6)/8 + (-21)/(-28). Suppose s = 3*q - 117 - 3. Let a = 37 + q. Is a a composite number?
True
Let o be -2 + 1 - (-181 + 0). Suppose 5*g - o = 3*g. Is g/2 - (-7)/7 prime?
False
Let h(m) = 8*m**2 + 5*m + 2. Let q(z) = -23*z**2 - 14*z - 7. Let d(f) = -17*h(f) - 6*q(f). Is d(5) a prime number?
True
Suppose 0 = 18*f - 23*f + 10. Suppose 4638 = 3*h + f*g + 1701, -h + 979 = g. Is h a composite number?
True
Let u = 29075 - 18494. Is u prime?
False
Suppose 0*b + 3*g - 17 = -4*b, -b = -3*g + 7. Suppose 5 = f + 2*x, 0*f + b*f = -x + 7. Suppose -f*m = m - 2764. Is m a composite number?
False
Let q(d) be the third derivative of d**4/12 - 2*d**3/3 - 4*d**2. Let i be q(3). Suppose -2*h + 612 = 2*t, -i*t - 4*h = -0*h - 610. Is t prime?
True
Let u = 4124 - 2183. Let g = -1018 + u. Is g composite?
True
Let z be (-3)/(-7) - 348/(-21). Let i = z + -13. Is 382*(10/i)/5 a composite number?
False
Let d(y) = -10*y**3 - 74*y**2 - 36*y + 39. Is d(-25) a composite number?
False
Suppose -6*m - 5*m + 22 = 0. Suppose -m*a + 3907 = -1563. Is a a composite number?
True
Let i = -9866 - -16093. Suppose -4*c = 9*c - i. Is c a prime number?
True
Suppose 9*w + 11 = 8*w. Let i(b) = -38*b + 20. Let c be i(w). Let y = -221 + c. Is y a prime number?
False
Let n = -14 - -17. Suppose 0 = -n*w - 5*t - 0*t - 11, 4*w - 4 = -2*t. Suppose q + 470 = w*q. Is q a prime number?
False
Let v(k) = 12514*k**2 + 11*k - 10. Is v(1) prime?
False
Suppose z + 12 = -2*z. Let w = 403 - 406. Is (-1)/(z/(-108)*w) a composite number?
True
Suppose -9187 = -5*c + 13593. Suppose -2*n = 3*j - c + 642, 0 = 4*n - 4*j - 7828. Suppose -5*v = 3*u - n, 766 = 2*v - 5*u + 2*u. Is v a composite number?
False
Let m be 12*(-10)/(-15)*(-11)/2. Let f = m - -67. Is f prime?
True
Is (-9677 + 0)*(-8 - -7) a prime number?
True
Suppose 0 = -z + s + 550, -5*z + 2*z - 2*s = -1660. Suppose -p + 191 = -z. Suppose 2*d - p = -5*h, 2*d - d + 4*h = 367. Is d a prime number?
True
Let j(k) = k**3 + 25*k**2 - 38*k - 61. Is j(-26) composite?
False
Let h(l) = -l**3 + 39*l**2 + 3*l + 9. Is h(38) a composite number?
False
Let g(u) = u**3 + u**2 + 839. Suppose 4*o + 4*n - 20 = 0, -5*o - 2*n + 15 = n. Is g(o) a composite number?
False
Suppose -3*b = 5*u - 16, -4*u - 2*b + 35 = -7*b. Suppose u + 3 = 2*i. Suppose i*y = 478 + 118. Is y a prime number?
True
Let p(b) be the first derivative of -20*b**2 - 3*b + 21. Is p(-4) a composite number?
False
Suppose -7*q = -4*r - 3*q + 336, 5*q = 0. Suppose 0 = -88*m + r*m + 1364. Is m a prime number?
False
Suppose 2*f = 10*f + 2344. Let h = 432 + f. Is h prime?
True
Let u(k) = k**2 - 7*k + 4. Let j be u(4). Let y = 48 + j. Let i = -7 + y. Is i a composite number?
True
Is (31606/(-10))/(((-3)/(-15))/(-1)) a composite number?
False
Suppose 2*y + 15101 = o - 0*y, 4*o = -3*y + 60404. Is o prime?
True
Suppose -1 - 1 = -u. Suppose 3*b + 12 = 0, 0*q + q - 3335 = -4*b. Suppose -u*o + 5*o = q. Is o a composite number?
False
Let c(s) = s**3 - s**2 - s + 2. Let t be c(3). Suppose -t = -4*m + 3*m. Suppose 4*p - 59 - m = 0. Is p prime?
True
Suppose 0 = -5*w - 5*k + 480, 5*w - 2*k + 274 = 719. Is w prime?
False
Suppose 2*g - 3*j + 9512 = 25836, -5*g = 4*j - 40787. Let o = g - 2992. Is o a composite number?
False
Let y(q) = 369*q**3 - 2*q**2 + 18*q - 13. Is y(3) prime?
False
Let d = 14500 - 3527. Is d composite?
False
Let q = 3092 - -1027. Is q composite?
True
Let f be 1*2*(-279)/(-18). Let m(k) = f*k - 7 + 6 + 2*k. Is m(2) composite?
True
Let q be (-1 - -2) + 2 + -2. Let n = 2 + q. Suppose 0 = n*x - 1264 - 791. Is x a prime number?
False
Let m(l) = -l**3 + 10*l**2 - 2*l + 2. Let q = 39 + -48. Is m(q) composite?
False
Suppose -61*m + 115602 = -55*m. Is m a composite number?
False
Let a(m) = -2019*m + 5. Let k(l) = 404*l - 1. Let i(u) = -2*a(u) - 11*k(u). Is i(-1) composite?
True
Suppose -29 = -16*r + 83. Suppose 2305 + 1706 = r*w. Is w a prime number?
False
Let m(b) = 3*b - 9. Let q be m(4). Is 1382/(-4)*(-6)/q a composite number?
False
Let q(y) = 3 - 7 + 24*y - 1. Let u be q(8). Suppose 5*j = 6*j - u. Is j a prime number?
False
Suppose -197665 - 516751 = -16*u. Is u a composite number?
False
Let a be (4*47)/(4/32). Suppose 5*i + 4*z = 7713, 2*z - a = -2*i + 1580. Suppose -4*j = -l - 3*j + 302, 5*l = -2*j + i. Is l a composite number?
False
Let f(y) = 27*y**2 + y + 11. Let j be f(8). Is j/11 - (-4)/22 composite?
True
Let n(t) be the third derivative of 53*t**5/30 - t**4/24 + t**2. Let x be n(1). Let r = 8 + x. Is r a composite number?
False
Let p(z) = -z**3 + 7*z - 1. Let i = 24 - 29. Is p(i) a composite number?
False
Let y(d) = 15*d**2 + 4*d - 5. Suppose -w = -7 - 5. Is y(w) a composite number?
Fal